 -4*t + 5*q = 11 + 6. Suppose 0 = -2*n - t*n + 500. Suppose 3*r = -n + 758. Is r prime?
True
Let t = 73 + -68. Suppose 0 = 4*h + t*s - 834, 4*h - 1057 = -h + s. Is h composite?
False
Is (-4)/((-96)/41007) + 12/32 composite?
False
Let p(m) = 2*m - 2. Let v(f) = -3*f + 2. Let q(b) = -4*p(b) - 3*v(b). Let u be q(3). Suppose -u*i = -582 + 197. Is i composite?
True
Suppose -1294 = -128*t + 126*t. Is t prime?
True
Let p be 6/(-4) - 1415/2. Let l = 1004 + p. Is l composite?
True
Suppose q + 3*z - 411 = -z, 4*q + 2*z = 1658. Is q a prime number?
False
Let v be 56/21 - 1/(-3). Suppose 0 = -v*s + 207 + 390. Is s a prime number?
True
Suppose 37 - 16 = -7*f. Let y = f - -7. Is y a composite number?
True
Suppose -6*j = -3*j. Suppose -9*o + 14*o - 15 = j. Suppose -2*l - o*v = -376, 4*l + 0*l - 774 = 5*v. Is l prime?
True
Let k(c) = 36*c**2 + 3*c + 2. Let o be k(-2). Suppose -o - 667 = -3*l. Is l composite?
False
Suppose 4*m = 3*m - 12. Let a(w) be the first derivative of w**3/3 + 5*w**2 - 13*w - 3. Is a(m) a prime number?
True
Let i = 235 + 1303. Is i composite?
True
Is 39782 + (-7 - 28/(-7)) a composite number?
False
Let t(f) be the third derivative of -7*f**4/6 - f**3/2 + 4*f**2. Let l be t(4). Let n = -64 - l. Is n prime?
False
Let p(j) = -j**2 + 4*j + 3. Let d be p(9). Let w = 153 + d. Is w a prime number?
False
Suppose 4*q - 12 = q. Suppose 2*h = -10, 0*t - 4*h = q*t - 1776. Is t a composite number?
False
Suppose -4*t = -s - 151329, -20*s + 21*s = -5. Is t composite?
False
Let k = -7207 + 17385. Suppose 18*q - 20*q = -k. Is q composite?
True
Let r = 29 + -59. Is 3 - (3 + r/2) a composite number?
True
Let u = -317 + 729. Let i = 627 + u. Is i a composite number?
False
Let c be 20160/104 + 6/39. Let p = 405 - c. Is p composite?
False
Let i be 27*(-8)/(-3 + 1). Let h = -70 + i. Suppose -4*r - h = -6*r. Is r a prime number?
True
Let w(o) = 363*o**2 - o + 2. Let r be w(1). Let a = r - -189. Is a a prime number?
False
Suppose z - 22 = -z. Let u = 7 - z. Is (u/8)/(1/(-326)) a prime number?
True
Is (0/(-2) + (10 - 5052))/(-2) a prime number?
True
Suppose 8*w - 20170 = 73038. Is w a composite number?
True
Suppose -20280 = -17*t + 134879. Is t prime?
True
Let c(s) = 3*s**3 - 2*s + 9029. Is c(0) a prime number?
True
Let t = 22 - 18. Suppose -8 = -t*a - 0. Is ((-190)/(-10))/(a - 1) a prime number?
True
Let d be 13*8/(4 + 0). Suppose 1 = -5*z + d. Suppose -x = -z*f - 2*x + 806, 0 = -4*f - 2*x + 646. Is f a prime number?
False
Suppose -3*f - 2*k - 905 + 7158 = 0, -4*f = -5*k - 8299. Is f a composite number?
False
Suppose -5*i + 46 + 26 = -m, -2*m = 4. Let w = 14 - i. Suppose w = -4*f + 4*q + 1960, -3*f + 1430 = q + 4*q. Is f composite?
True
Let z = 63023 + -25780. Is z prime?
True
Suppose f - 5 = -4*f. Let r be (3*(-7080)/(-9))/(-1). Is r/(-6) + f/(-3) a composite number?
True
Suppose 3*k - 10485 = -3*n, 2*k - 5*k - n = -10477. Is k prime?
True
Let i be (-6)/8 + 90/24. Let j be -2*(i + 3/(-3)). Is (60/(-25))/(j/10) composite?
True
Suppose -2*o = -2*m + 2, -m + 7 = 5*o - 6. Suppose -o*s - 1661 = -q + 948, 5*q = 3*s + 13045. Is q a prime number?
True
Let f be 7788/(-6)*(-2)/4. Suppose 0*y - y + f = 0. Let w = y - 414. Is w composite?
True
Suppose 0 = 3*d + 2*n - 12671, -d + 2356 = 3*n - 1856. Is d composite?
True
Suppose -5*g + 44660 = -5*k, 3*g + 4*k + 7997 - 34772 = 0. Is g composite?
False
Let w(l) = 66*l - 171. Is w(17) composite?
True
Let r(g) = -g**3 - 18*g**2 + 7*g - 11. Let t be r(-13). Let l = -439 - t. Suppose 12*o + l = 16*o. Is o a composite number?
False
Suppose -7*q + 4379 + 1760 = 0. Is q composite?
False
Let i = 297 - -625. Suppose -m - 263 = 2*x, 0 = 3*m - 4*x - 183 + i. Let y = -50 - m. Is y composite?
True
Let k = -690 - -450. Let t = k - -1783. Is t composite?
False
Let w(p) = -10*p**3 - 14*p**2 + 15*p - 29. Is w(-11) prime?
False
Suppose 2*m - 5*g = -0*m - 43, -3*m - 2*g - 36 = 0. Suppose -5*p + 23 = 108. Let l = m - p. Is l a composite number?
False
Suppose 0 = 4*l - 5*l - 5*l. Suppose 5*g = 3*w + 173, l = -3*w + 10 + 2. Is g a prime number?
True
Suppose k = -5*g + 3851, -2*g + 6*g + k - 3081 = 0. Suppose 0 = -w - w + g. Is w/4 - 33/(-44) prime?
True
Let y = -53 - -221. Let v = y - 24. Let d = v + -77. Is d a composite number?
False
Let p = 198 + -453. Suppose -k = 5*v + k - 2204, -k = -4*v + 1758. Let m = v + p. Is m a composite number?
True
Is (-4 - -8 - 1) + 262 composite?
True
Let d(y) = y**2 - y + 2. Let j be d(6). Let w = j + -20. Suppose -4*f - w = -6*f. Is f a prime number?
False
Let x be 1*3/(1/1). Let u be 2 + 0 + 0/4. Suppose x*a = 3*k - 339, 0*k - k + 111 = -u*a. Is k prime?
False
Let p = -17 + 39. Suppose -k = l - 39, -3*k = 5*l + p - 131. Is k composite?
False
Let c(s) = s**2 + 9*s. Let y be ((-18)/4)/((-5)/(-10)). Let q be c(y). Suppose 132 = 4*m - 5*w + w, -2*m + w + 66 = q. Is m composite?
True
Is (48/60)/(-2)*17770/(-4) a composite number?
False
Let c(v) = 306*v**2 + 4*v. Let a be c(-4). Let t be (5/(-2))/((-10)/a). Let i = t + -717. Is i prime?
True
Let s(y) = 392*y + 163. Is s(10) prime?
False
Let b(m) = -12420*m + 31. Is b(-1) prime?
True
Let x(v) = 17*v - 2. Let y = -4 + 13. Let p be x(y). Let w = p + -86. Is w a composite number?
True
Suppose -48721 = -5*v + 2*c, c + 4 = 3*c. Is v a prime number?
False
Let c = -55 + -13. Let j = -50 - -13. Let d = j - c. Is d prime?
True
Let o(f) = -f**2 - 3*f + 1. Let m be o(-4). Let k(n) be the third derivative of 43*n**5/60 + n**3 + 5*n**2. Is k(m) a prime number?
False
Is 14/(-21) + 419*(-61)/(-3) a composite number?
True
Suppose 29*b - 58345 = 25668. Is b a prime number?
True
Let n(u) = 2*u + 13. Let g be n(-9). Let y(w) = -4*w**3 - 2*w**2 - w. Let l be y(g). Suppose -5*b = -3*b + 3*j - l, -9 = -3*j. Is b prime?
True
Suppose -5*v = 0, -3*f + 7*f = -4*v + 64. Is (-3 + f/4)*59 a prime number?
True
Let h = -44 + 47. Suppose -2*b - 5900 = -4*z, -z - h*z + 5*b + 5888 = 0. Is z prime?
False
Let z be (-2)/(-5) + 106/10*-94. Is -1 - (z/5 + 4/(-5)) a composite number?
False
Let i(a) = a**2 - 11*a - 4. Let x be i(10). Is (0 - -7)*(-1992)/x + -1 prime?
False
Let o be -2*4/(8/3). Let m be 1011/12*(1 - o). Suppose 3*j = -4*i + m, -j + 1 = 2. Is i a composite number?
True
Let o = 10 + 4. Let u = 149 + o. Is u composite?
False
Let i be ((-22428)/70)/(4/(-30)). Let j = 4788 - i. Suppose 0 = 2*h, 0 = -4*w + 4*h + j - 437. Is w prime?
True
Let d(o) = -o - 2. Let v be d(-8). Let z be (-4 + 82)/(4/v). Suppose -4*r = -z - 247. Is r a prime number?
False
Let d be -4 + (-39)/(-9) - (-454)/(-3). Let c = d - -278. Is c a prime number?
True
Let y be 344/(-6) + (-4)/6. Let p be -3*(1*y - 1). Suppose -q + p = 2*q. Is q prime?
True
Let p be 3 + ((-85)/15)/((-2)/162). Suppose 0*a - p = -6*a. Is a a prime number?
False
Suppose l + 0*j + 3*j - 4 = 0, 3*j + 12 = 3*l. Suppose l*c + x + 54 = 950, -5*c + 1107 = -2*x. Is c a composite number?
False
Suppose 46*u - 6130 = 36*u. Is u a composite number?
False
Let c(f) = f. Let p be 38/8 - (-2)/8. Let v be c(p). Suppose v*x = 5*w + 75, -2 - 23 = 5*w. Is x a prime number?
False
Let r(a) = -8*a**3 + 3*a**2 - 6*a - 6. Let t be r(-7). Suppose 35*p = 34*p + t. Is p composite?
False
Let f(i) = -i**3 + 6*i**2 + 26*i + 32. Let o be f(-13). Suppose -2*l - 2*l = 0. Suppose -6*y - y + o = l. Is y a composite number?
True
Let c(d) = -d**3 - 5*d**2 - 14*d + 5. Let j be c(-4). Suppose -87 - j = -4*g. Is g composite?
True
Suppose -4*q + 875 = -2021. Suppose q + 29 = 3*w. Is w composite?
False
Let v = 7127 + -508. Is v composite?
False
Let k = -919 + 2327. Suppose 3*u + 4*j = 2082, -k = -2*u - 0*u + 4*j. Is u a composite number?
True
Let s(y) = y + 11. Suppose -2*z + 3*h - 4 + 1 = 0, -3*h = 2*z + 9. Let n be (1 - 0) + (z - -2). Is s(n) composite?
False
Let y(o) = -o**2 - 2*o - 1. Let d be y(-3). Suppose -4*v + 25 = -11. Is (111/v)/(d/(-12)) prime?
True
Is ((-10973)/2)/((-14)/(-4) - 4) prime?
True
Suppose 23 = 5*z + 3*d, 5 = -0*d + 5*d. Suppose -24 = -2*p + z*v, p + 36 = 4*p - 4*v. Is (-222)/p*4/(-2) a composite number?
False
Let n be 8*1/(6/3). Suppose d - n*d = -651. Is d composite?
True
Let c(r) = -r**2 - 12*r - 4. Let q be c(-12). Let t be (20/(-15))/(q/330). Suppose 0 = h - t - 113. Is h a prime number?
True
Let w = -3515 + 1311. Let y = -1237 - w. Is y composite?
False
Let c = -961